7 + 6*f**2 + 6*f. Let l be v(-6). Let g = -4 - l. What is the units digit of g?
1
Let r = -8 - -6. Let a(v) = -15*v + 6. What is the units digit of a(r)?
6
What is the thousands digit of 11/(-77) - (-28702)/14?
2
Let o(b) = 89*b**2 - 7*b - 1. What is the tens digit of o(-2)?
6
What is the hundreds digit of 9 + 1168 + 13 + -9?
1
Let w(k) = -k**3 + 29*k**2 + k + 44. What is the units digit of w(29)?
3
Let x(s) be the third derivative of 13*s**4/24 - 4*s**3/3 + 9*s**2. What is the units digit of x(2)?
8
Let r(i) = -i**2 - 5*i + 2. Let x = -9 - -4. Let n be r(x). Suppose -6*a + n*a = -32. What is the units digit of a?
8
Suppose 6*g = 821 + 361. What is the hundreds digit of g?
1
Let t(g) = g**3 - 10*g**2 + 7*g + 7. Suppose -3*o + 0*o = -30. What is the units digit of t(o)?
7
Let o(m) = -27*m**2 + m - 1. Let v be o(-2). Let y = v + 173. Suppose -91 = -3*l - 0*x - 2*x, 2*l - y = -2*x. What is the units digit of l?
9
Let v be (-10)/6*(-1 + 4 - 0). What is the tens digit of ((8/v)/1)/(4/(-210))?
8
Suppose 0 = -5*o + 2306 + 1064. Suppose -o = -15*c + 166. What is the tens digit of c?
5
Let t(j) = -j + 11. Let c be t(10). Let d = 7 + c. What is the units digit of d?
8
Let o(h) = -9*h**2 - 199*h + 20. What is the hundreds digit of o(-17)?
8
Let g be 0/(4 + -8) - -4. Let r be 3/12 - 57/g. Let z = r - -23. What is the units digit of z?
9
What is the tens digit of 9870/189 + (-6)/27?
5
Let i(v) = v + 7. Let k be i(-3). Suppose 30 = 5*o - k*h, 3*o - 5*h - 16 = -3*h. What is the tens digit of ((-96)/(-36))/(o/30)?
4
Suppose 0 = -2*n - 302 + 72. What is the tens digit of 1*(-2)/10*n?
2
Let g = 23 + -3. Suppose 3*c + 2*t - 75 = 0, 3*c + 4*t - 55 = g. What is the units digit of c?
5
What is the tens digit of ((-234)/(-91))/(13473/(-4494) - -3)?
8
Let f = -58 + 60. Suppose 2*v = -8, 3*v + 27 = -2*t + 7*t. Suppose i = -f*i + t. What is the units digit of i?
1
What is the hundreds digit of 6 + (-12)/18*-907*3?
8
Let c = 15 - 14. Suppose -2*x + 3*x = -c. Let d(n) = -7*n - 1. What is the units digit of d(x)?
6
Let d(h) = -2*h - 10. Let r be d(-5). Suppose r = 9*n - 3*n - 636. What is the hundreds digit of n?
1
Suppose -2*i - 2*y + 276 = 0, -106*y + 104*y - 10 = 0. What is the hundreds digit of i?
1
Suppose 0 = q + 3*q - 52. Suppose 7*m = -q*m + 4180. What is the units digit of m?
9
Let a(i) = -i**2 + 5. Let r be a(-6). Let z = r + 58. What is the units digit of z?
7
Suppose 0 = 5*n - 3*m + 3 - 4, m = 3. Suppose 0*z - 12 = n*y + 4*z, 0 = -4*y + 2*z + 16. What is the units digit of 6/(-4)*y - -15?
2
Let y(u) = -5*u**2 + 2*u + 3. Let q(w) = -11*w**2 + 3*w + 7. Let k(j) = -4*q(j) + 9*y(j). Let n be k(4). What is the units digit of (7/n)/(2/2)?
1
Let j = 61 - 63. What is the tens digit of (-1)/j + -1 + 483/6?
8
Suppose 3*o - 7*o + 20 = 0. Suppose 0 = -o*z + 39 - 14. Suppose -4*m - z*y = -3*y - 32, y + 14 = 3*m. What is the units digit of m?
6
Let o = 75 + -58. Suppose o + 275 = 2*n. What is the hundreds digit of n?
1
Suppose 5*j - 3*r + r = 2678, -r = -5*j + 2674. What is the hundreds digit of j?
5
Let w(y) = -23*y**3 + y**2. Suppose -3*u + 9 = -2*t, -3*u + 2*u + t = -4. Let b be w(u). Let z = b - -41. What is the units digit of z?
9
Let b = -2113 - -4339. What is the thousands digit of b?
2
Suppose 5*p - 2148 = -493. What is the hundreds digit of p?
3
Let l(c) = 5*c + 1. Let d be l(-3). Let h(o) = -o. Let p(i) = -5*i + 10. Let n(w) = -4*h(w) + p(w). What is the tens digit of n(d)?
2
Let c = -4 + 7. Suppose -c*m = -15, -5*s + 3*m + 34 = -11. What is the units digit of 4/s*-3 + 43?
2
Let n(o) = -3*o - o - 6*o - o**2 - 10. What is the tens digit of n(-7)?
1
Let k = 76 - 67. What is the units digit of ((-6)/k*-12)/((-8)/(-52))?
2
Let v(m) be the first derivative of -m**4/24 + 5*m**3/3 + 5*m**2/2 - 5. Let s(c) be the second derivative of v(c). What is the units digit of s(9)?
1
Suppose x - 16 = -3*x + f, 2*x - 2*f = 14. Let p(c) = c**3 - 3*c**2 + c + 3. Let a be p(x). Suppose -3*z + a = -z. What is the units digit of z?
3
Let s = 85 - 25. What is the units digit of (s + -4)*(-14)/(-8)?
8
Suppose -10*c + 2267 = -393. What is the units digit of c?
6
Suppose 0 = -v + 4*s + 300 + 630, 2*s + 3664 = 4*v. What is the tens digit of v?
1
What is the units digit of (-3)/(-18) - 1877/(-6)?
3
Let x(g) = 758*g**2 + 2*g. Let c be x(1). Suppose 3*v = -5*v + c. What is the units digit of v?
5
Suppose 0 = 18*n - 21*n + 90. Let x be 2*(135/(-2))/(-9). What is the units digit of x/6*36/n?
3
Suppose -5*a - m + 5*m = -32, 21 = 3*a - 3*m. Let r(x) = 2*x - 8. Let w be r(a). Suppose -3*c = h - 12 - 17, -2*h - 3*c + 43 = w. What is the tens digit of h?
1
Suppose 82*o - 22*o - 57720 = 0. What is the tens digit of o?
6
What is the tens digit of -5 + (-803)/(8 + -19)?
6
Suppose 3*l + 21 = 5*c, -c - 4*l - 3 = 2. Let w be 31/c + 14/21. Let y = -7 + w. What is the units digit of y?
4
Let s = 738 + -257. What is the units digit of s?
1
Let y be 1*47/(-4) - (-2)/(-8). What is the tens digit of (-261)/y - 2/(-8)?
2
Suppose -q + 5 = 0, 18*q - 2733 = -y + 15*q. What is the tens digit of y?
1
Suppose 2*r = -3*x - 5, 4*r - 8 = -0*r. What is the units digit of (4/(-12))/(x/171)?
9
Let t = 754 + -671. What is the tens digit of t?
8
Let u = -20 + 22. Suppose k + 80 = u*k. What is the units digit of k?
0
Suppose 0*k = 4*f + k + 216, 0 = 2*f - 4*k + 90. Let m = 31 - f. What is the units digit of m?
4
Let b be (57/(-9) + -1)*276/(-4). Suppose -4*f + b = -2*q, -q + 5*q = 4*f - 500. What is the units digit of f?
8
Let x(w) = 18*w**2 - 17*w - 37. What is the hundreds digit of x(14)?
2
Suppose 2*x = 2*w - 68, 0 = x + 4*x + 20. Let v(i) = 2*i**2 - 3*i - 3. Let y be v(-1). Suppose 12 - w = -y*p. What is the units digit of p?
9
Suppose 0 = -5*s + 25, 38*s - 6012 = -4*a + 34*s. What is the thousands digit of a?
1
Let c(l) be the third derivative of -7*l**4/12 - l**3/3 + 4*l**2. Let v be c(-1). What is the units digit of (-150)/(-9) + (-8)/v?
6
What is the hundreds digit of (-1544)/10*(-80)/32?
3
Suppose 0 = -7*b + 123 + 563. What is the tens digit of b?
9
Suppose -104*d = -103*d + 4*h - 1012, -2*d + 1984 = -2*h. What is the hundreds digit of d?
9
Let f = 1381 - 909. Suppose -5*s + 638 = -4*a - f, 5*s = -3*a + 1145. What is the tens digit of s?
2
Let q(p) = -p**2 - 8*p + 22. Let s be q(-10). What is the units digit of ((-5)/(-2) + -2)*408/s?
2
Let d = -24 - -141. Suppose -2*j - j + 111 = -4*n, 0 = 2*n. Suppose -j + d = 5*o. What is the units digit of o?
6
Suppose 7*z = 979 + 5111. What is the hundreds digit of z?
8
Let p = 38 + -26. Let t be 38/1 + (8 - p). Suppose 0 = 2*m - t - 58. What is the tens digit of m?
4
Let k = 1785 + -709. What is the hundreds digit of k?
0
Let b(x) = x**2 + x - 10 - 14*x + 30*x - 2*x**2. What is the tens digit of b(5)?
5
Let i = -64 + 34. Let p = -87 - i. Let c = -31 - p. What is the tens digit of c?
2
Let s be 3/(9/12) + -5. Let x be s/(-3) + (-14)/(-3). Suppose -80 = -5*u + 2*t - 5*t, 5*t - 70 = -x*u. What is the tens digit of u?
1
Let k = -7 - -7. Suppose k = 2*i - 5*z + 100, 2*i - z + 82 = -5*z. What is the tens digit of (i/(-6))/(5/20)?
3
Suppose 0 = -49*n + 51*n - 3614. What is the hundreds digit of n?
8
Suppose -4*a - a = 5*k - 15, 0 = -3*a - 3. Suppose -i - 15 = -k*i. What is the units digit of i?
5
Suppose -5*i + 0*i + 5*s = -240, -2*i + 86 = 3*s. Suppose -5*k = 3*z - 228, -5*k + i + 30 = z. What is the tens digit of z?
7
What is the hundreds digit of (3 - 1)*(-18)/27*-642?
8
Let j be (-1 + -5)*(-2)/6. Suppose -2*y - j = 2*y - 5*w, -4*w = 3*y + 17. What is the tens digit of 81/(-18)*16/y?
2
Let q(a) = -a - 12. Let n be q(-6). What is the units digit of (n/5)/(5/(-25))?
6
Suppose 187 = -p - 4*s, -3*p - 3*s + 47 = 608. What is the tens digit of (-4)/(-8)*-2*p?
8
Let z = 8 + -16. Let d(c) = c**3 + 9*c**2 - 11*c - 12. Let m be d(z). Suppose 0 = -o + 5*v - 3 + 25, -5*o + m = 5*v. What is the units digit of o?
7
Suppose -5*z + 2*w - 5*w + 10 = 0, 4*z + 3*w - 8 = 0. Let q be (4/(-6))/(z/126). Let u = 97 + q. What is the tens digit of u?
5
Let z be ((-2)/(-3))/((-10)/(-225)). Suppose -5*a = -10 - z. What is the units digit of a?
5
Let i = -71 - -73. Suppose 322 = i*p + 2*g, 648 = 3*p + p + 3*g. What is the hundreds digit of p?
1
Let c = -7 - -7. Suppose c = -3*j - 4*n + 137, -2*n - 2*n + 215 =